114*l**2 + 25. Let s be z(-18). Calculate the greatest common divisor of s and 52.
4
Let s = 34085 + -34017. What is the highest common divisor of 1280 and s?
4
Let j = -20 - -8. Let l be ((-4)/j)/(3/(-9)). Let w(v) = -27*v + 6. Let r be w(l). What is the greatest common divisor of 264 and r?
33
Suppose 92050 = 245*f + 18*f. What is the highest common divisor of 1650 and f?
50
Let f = -51 + 56. Suppose 768 = f*x + 163. Let t(c) = -4*c - 17. Let l be t(-7). Calculate the highest common divisor of x and l.
11
Suppose -20*q = -q - 76. Suppose -5*t = q*c - 454, 0 = 18*c - 21*c + 3. Calculate the greatest common divisor of 990 and t.
90
Let j = 302 - 158. Suppose -128*n + 10073 - 2393 = 0. Calculate the greatest common factor of j and n.
12
Suppose -2*t = 2*c - 214, -7*t + 11*t = -c + 116. Let u be ((-3)/2)/((-6)/104). Calculate the greatest common divisor of u and c.
26
Let o be -1 - -1 - -69 - (-588)/84. Calculate the greatest common divisor of 13148 and o.
76
Let z(x) = x**3 - 9*x**2 + 3*x + 17. Let y be z(7). Let v be ((-21)/(-14))/((-5)/y). What is the highest common divisor of 30 and v?
6
Suppose -3*o + 34 = 4*u, 22 = u + u - o. Suppose -3*m = -i, -10 + 1 = -2*i - 3*m. Suppose -i*a - 21 + 96 = 0. Calculate the greatest common divisor of a and u.
5
Let c = 21 + 6. Let f(l) = 32897*l - 394413. Let k be f(12). Calculate the highest common divisor of k and c.
27
Let q be -1 - (130/15)/(8/(-192)). Let n(j) = 5*j + 191. Let h be n(-29). Calculate the highest common factor of h and q.
23
Let i be ((-100)/(-10))/(1/4). Let k = 1143 + -1138. What is the greatest common factor of i and k?
5
Suppose -y = k - 7, 3*k - 2 = 3*y + 1. Suppose y*j = -h + 46, h + 0*j + 5*j - 50 = 0. Calculate the highest common divisor of 104 and h.
8
Suppose 4*m + 4 = -v + 203, -2*v = -3*m + 152. Let t = m + -26. Suppose t*a = 27*a - 21. What is the highest common factor of a and 21?
7
Let v be 247 - (17 + (9 - -1)). Let x(y) = -y**3 + 8*y**2 - 5*y - 1. Let z be x(6). Let b = -21 + z. What is the highest common factor of b and v?
20
Let r(f) = -f**3 + 12*f**2 + 7*f - 66. Let x be r(12). Suppose -3*s + x*s = 480. Let w = 74 + -10. What is the greatest common divisor of s and w?
32
Suppose 2*v + 4*k + 8 = 0, -v - 2*k - 3*k - 10 = 0. Let g be ((-10)/35)/((-2)/42). Suppose -156 = -g*a - v*a. Calculate the highest common factor of 39 and a.
13
Suppose 0 = -5*f + c + 10228, -4*f + 6497 + 1656 = -5*c. What is the highest common divisor of f and 979?
89
Suppose 0 = -9*q - 5*q + 255 + 207. What is the highest common divisor of 297 and q?
33
Let f(b) be the third derivative of -17*b**4/8 - 21*b**3/2 + 11*b**2 - 2. Let q be f(-8). Calculate the highest common factor of q and 15.
15
Suppose -145971 = -39*f - 206*f - 86*f. Calculate the greatest common divisor of f and 343.
49
Let d be (38/(-4)*39/(-247))/((-2)/(-696)). Calculate the highest common divisor of 290 and d.
58
Suppose 5*c = -5*n + 420, 61*n = 5*c + 65*n - 419. Calculate the highest common factor of c and 14857.
83
Suppose -5*a - 4*x + 15 = -6*a, 2*a - 6 = -x. Let z be 72/(0 + a/1). Let f = 5641 + -5623. What is the highest common factor of z and f?
18
Suppose -g + 138 - 3 = 0. Let d = 1966 + -1921. Calculate the greatest common divisor of g and d.
45
Let y = -269 - -326. Let b(v) = 5*v**3 + 3*v**2 + 3*v + 1. Let j be b(-2). Let q = j + y. What is the greatest common factor of 96 and q?
24
Let p(f) = f**3 - 34*f**2 + 77*f + 55. Let w be p(32). Suppose 7*v = 5*v + 2, 5*y = 4*v + w. Calculate the highest common divisor of 57 and y.
19
Let m(f) = -24*f + 3. Suppose 0 = -2*z - 3 - 3. Let h be m(z). Suppose -4*n + 3 = 3*t, -3*n + 5*n = t - 11. What is the highest common factor of h and t?
5
Suppose u + 20 = 11*u. Suppose 15 = 10*i - 25. Suppose -i*q + 48 = 8. What is the highest common factor of u and q?
2
Let g = 339394 - 339370. Let s be 33/4 + (-1)/4. Calculate the highest common divisor of s and g.
8
Suppose -3*q - l = -9 - 11, 5*l = -3*q + 28. Suppose 4*m = q*m - 8. Suppose 0 = -2*s + 8, m*x - 4*s - 25 = 23. Calculate the highest common factor of 144 and x.
16
Let s be 1/(-2) - 9/6. Let w be (4/s)/((-2)/192). Let a = 16634 + -16586. Calculate the highest common factor of a and w.
48
Suppose 2*n - 2 = 6, -2*n = -5*m + 32. Suppose z = m*z - 126. Suppose -5*a + 2*i = -32, -4*a + 0*a = 3*i - 21. What is the greatest common factor of z and a?
6
Let k(o) = 2*o - 4. Let n be k(0). Let f(y) = 2*y + 7. Let m be f(n). Let h = m - -8. Calculate the highest common divisor of h and 77.
7
Suppose s - 922 = -56*w + 53*w, 3*w + 2*s - 926 = 0. Calculate the greatest common factor of 646 and w.
34
Let a be 5*(-2298)/(-15) + -1. Suppose 7*w = 2*w - 4*h + a, 0 = h. What is the highest common divisor of 17 and w?
17
Let u(b) = -5*b**3 + b**2 + 38*b + 112. Let t be u(-10). Calculate the greatest common divisor of 160 and t.
32
Let a = -33017 - -33041. Calculate the greatest common factor of 1536 and a.
24
Let l = -107 - -115. Let c(w) = l + 13*w - 29*w + 15*w. Let r be c(0). Calculate the highest common divisor of r and 40.
8
Let a = 4 + -82. Let g(z) = -z**2 - 32*z - 61. Let i be g(-31). Let k = i - a. Calculate the greatest common factor of k and 36.
12
Let i(s) = -3*s + 33. Let b be i(10). Suppose -2*n = -7*n - b*r - 178, 4*n + 132 = -5*r. Let m = -30 - n. What is the greatest common divisor of 152 and m?
8
Suppose -24*c - 112 = -29*c - 4*q, 0 = -6*c - 5*q + 133. Let z = -3 - -2. Let s(h) = -225*h - 1. Let o be s(z). Calculate the greatest common factor of c and o.
28
Let t(d) = d - 1. Let r(x) = 10*x + 19. Let u(z) = 2*r(z) + 14*t(z). Let i be u(-6). Let o be (-160)/6*i/75. Calculate the greatest common divisor of 16 and o.
16
Suppose 0 = -5*q + 5058 + 18317. Suppose -29*z + 4*z + q = 0. What is the highest common divisor of z and 11?
11
Let q = 9810 - 9316. What is the greatest common divisor of 104 and q?
26
Let k(a) = 17*a - 2346. Let t be k(140). Calculate the greatest common divisor of t and 15878.
34
Suppose -5*g + 8*g = r - 51, -2*g = -4*r + 134. Calculate the greatest common divisor of r and 930.
30
Let s be ((-22)/(-4))/(8/(-96)) + 0. Let c = -61 - s. Let z(h) = -h**2 - 21*h - 9. Let f be z(-18). What is the greatest common factor of c and f?
5
Let b(k) = 7*k**2 - 19*k + 157. Let y be b(8). Calculate the greatest common factor of 1510 and y.
151
Suppose 87*f - 88*f + 21 = 3*x, -5*f + 30 = 0. What is the highest common factor of 1735 and x?
5
Let k = -96975 - -96985. Let u(s) = s**2 + s + 5. Let r be u(-6). What is the highest common factor of r and k?
5
Let k(w) = w**3 - 29*w**2 + 56*w - 40. Suppose 4*b - 2*n - n - 108 = 0, 0 = -b - 2*n + 27. Let q be k(b). Calculate the highest common divisor of 4 and q.
2
Let p(r) = -53*r - 2766. Let a be p(-57). Calculate the greatest common factor of a and 120.
15
Suppose -t + 6*t = 25, 4*t - 14 = 2*j. Let p be 6/((-54)/(-129)) - 1/j. Calculate the greatest common factor of 406 and p.
14
Let v be (3 + -1)/(2/7). Suppose 6*d - v*d = -119. Let q = d + -65. Calculate the highest common factor of 6 and q.
6
Suppose -665604 + 1019863 = 178*x - 1087541. Calculate the highest common divisor of 1500 and x.
300
Let r be ((-18)/(-15))/((-5)/25). Let g be (r*(-2)/10)/((-141)/(-2350)). Calculate the greatest common divisor of g and 220.
20
Let l be (2/6)/((-3801)/2538 + (-135)/(-90)). Calculate the greatest common factor of l and 3.
3
Let i = 8996 + -2436. What is the greatest common divisor of i and 320?
160
Let z = 32 - 32. Suppose 3*c + 574 - 145 = z. Let n = 170 + c. Calculate the greatest common divisor of 27 and n.
27
Let j(f) = -f + 7. Let g be j(6). Let u be (4/g)/(-5 + 3). Let v be u*6*(-1 + (-3)/(-6)). Calculate the highest common divisor of v and 24.
6
Let i be (13/(65/40) + 1227)*1. Calculate the highest common factor of i and 585.
65
Suppose 7*l - 6*l = -3*w + 6470, 2*l + 2152 = w. Calculate the greatest common factor of 44 and w.
44
Suppose -2*h - 2*r + 2720 = 638, -22*r - 4164 = -4*h. What is the highest common factor of 6 and h?
3
Let o = 38 - 40. Let v(q) = q + 2. Let k be v(o). Suppose k = -12*r + 34 + 218. What is the highest common factor of 147 and r?
21
Suppose -n + 60 = -17. Let l be (7/6)/((-4)/(-72)). Suppose -l*i - 2*k = -19*i - 48, 2*k = 3*i - 62. Calculate the greatest common f